{"id":90,"date":"2024-02-12T10:31:07","date_gmt":"2024-02-12T09:31:07","guid":{"rendered":"https:\/\/morbylanga-ungnytt.vivamedia.dev\/?page_id=90"},"modified":"2025-09-25T08:36:50","modified_gmt":"2025-09-25T06:36:50","slug":"var-med-och-paverka","status":"publish","type":"page","link":"https:\/\/www.morbylanga.se\/ungnytt\/var-med-och-paverka\/","title":{"rendered":"Var med och p\u00e5verka"},"content":{"rendered":"<p>test<\/p>\n","protected":false},"excerpt":{"rendered":"<p>test<\/p>\n","protected":false},"author":3,"featured_media":501,"parent":0,"menu_order":2,"comment_status":"closed","ping_status":"closed","template":"page_sections.php","meta":{"_acf_changed":false,"footnotes":""},"class_list":["post-90","page","type-page","status-publish","has-post-thumbnail","hentry","page_information_owner-hallbar-utveckling"],"acf":{"preamble":"Dr\u00f6mmer du om att vara med och p\u00e5verka framtidens kommun? D\u00e5 kan Ungdomsforum vara en m\u00f6tesplats f\u00f6r dig."},"yoast_head":"<!-- This site is optimized with the Yoast SEO plugin v27.2 - https:\/\/yoast.com\/product\/yoast-seo-wordpress\/ -->\n<title>Var med och p\u00e5verka - UngNytt<\/title>\n<meta name=\"description\" content=\"Har du id\u00e9er, f\u00f6rslag och tankar du vill dela med dig av till beslutsfattare? L\u00e4s om Ungdomsforum \u2013 en m\u00f6tesplats f\u00f6r dig med samh\u00e4llsintresse.\" \/>\n<meta name=\"robots\" content=\"index, follow, max-snippet:-1, max-image-preview:large, max-video-preview:-1\" \/>\n<link rel=\"canonical\" href=\"https:\/\/www.morbylanga.se\/ungnytt\/var-med-och-paverka\/\" \/>\n<meta property=\"og:locale\" content=\"sv_SE\" \/>\n<meta property=\"og:type\" content=\"article\" \/>\n<meta property=\"og:title\" content=\"Var med och p\u00e5verka - UngNytt\" \/>\n<meta property=\"og:description\" content=\"Har du id\u00e9er, f\u00f6rslag och tankar du vill dela med dig av till beslutsfattare? L\u00e4s om Ungdomsforum \u2013 en m\u00f6tesplats f\u00f6r dig med samh\u00e4llsintresse.\" \/>\n<meta property=\"og:url\" content=\"https:\/\/www.morbylanga.se\/ungnytt\/var-med-och-paverka\/\" \/>\n<meta property=\"og:site_name\" content=\"UngNytt\" \/>\n<meta property=\"article:modified_time\" content=\"2025-09-25T06:36:50+00:00\" \/>\n<meta property=\"og:image\" content=\"https:\/\/www.morbylanga.se\/ungnytt\/wp-content\/uploads\/2024\/04\/40936302-concentrated-young-girl-student-using-mobile-phone.jpg\" \/>\n\t<meta property=\"og:image:width\" content=\"1024\" \/>\n\t<meta property=\"og:image:height\" content=\"683\" \/>\n\t<meta property=\"og:image:type\" content=\"image\/jpeg\" \/>\n<meta name=\"twitter:card\" content=\"summary_large_image\" \/>\n<meta name=\"twitter:label1\" content=\"Ber\u00e4knad l\u00e4stid\" \/>\n\t<meta name=\"twitter:data1\" content=\"1 minut\" \/>\n<script type=\"application\/ld+json\" class=\"yoast-schema-graph\">{\"@context\":\"https:\/\/schema.org\",\"@graph\":[{\"@type\":\"WebPage\",\"@id\":\"https:\/\/www.morbylanga.se\/ungnytt\/var-med-och-paverka\/\",\"url\":\"https:\/\/www.morbylanga.se\/ungnytt\/var-med-och-paverka\/\",\"name\":\"Var med och p\u00e5verka - UngNytt\",\"isPartOf\":{\"@id\":\"https:\/\/www.morbylanga.se\/ungnytt\/#website\"},\"primaryImageOfPage\":{\"@id\":\"https:\/\/www.morbylanga.se\/ungnytt\/var-med-och-paverka\/#primaryimage\"},\"image\":{\"@id\":\"https:\/\/www.morbylanga.se\/ungnytt\/var-med-och-paverka\/#primaryimage\"},\"thumbnailUrl\":\"https:\/\/www.morbylanga.se\/ungnytt\/wp-content\/uploads\/2024\/04\/40936302-concentrated-young-girl-student-using-mobile-phone.jpg\",\"datePublished\":\"2024-02-12T09:31:07+00:00\",\"dateModified\":\"2025-09-25T06:36:50+00:00\",\"description\":\"Har du id\u00e9er, f\u00f6rslag och tankar du vill dela med dig av till beslutsfattare? L\u00e4s om Ungdomsforum \u2013 en m\u00f6tesplats f\u00f6r dig med samh\u00e4llsintresse.\",\"breadcrumb\":{\"@id\":\"https:\/\/www.morbylanga.se\/ungnytt\/var-med-och-paverka\/#breadcrumb\"},\"inLanguage\":\"sv-SE\",\"potentialAction\":[{\"@type\":\"ReadAction\",\"target\":[\"https:\/\/www.morbylanga.se\/ungnytt\/var-med-och-paverka\/\"]}]},{\"@type\":\"ImageObject\",\"inLanguage\":\"sv-SE\",\"@id\":\"https:\/\/www.morbylanga.se\/ungnytt\/var-med-och-paverka\/#primaryimage\",\"url\":\"https:\/\/www.morbylanga.se\/ungnytt\/wp-content\/uploads\/2024\/04\/40936302-concentrated-young-girl-student-using-mobile-phone.jpg\",\"contentUrl\":\"https:\/\/www.morbylanga.se\/ungnytt\/wp-content\/uploads\/2024\/04\/40936302-concentrated-young-girl-student-using-mobile-phone.jpg\",\"width\":7952,\"height\":5304,\"caption\":\"Image of a beautiful pleased concentrated young girl student indoors using mobile phone.\"},{\"@type\":\"BreadcrumbList\",\"@id\":\"https:\/\/www.morbylanga.se\/ungnytt\/var-med-och-paverka\/#breadcrumb\",\"itemListElement\":[{\"@type\":\"ListItem\",\"position\":1,\"name\":\"Hem\",\"item\":\"https:\/\/www.morbylanga.se\/ungnytt\/\"},{\"@type\":\"ListItem\",\"position\":2,\"name\":\"Var med och p\u00e5verka\"}]},{\"@type\":\"WebSite\",\"@id\":\"https:\/\/www.morbylanga.se\/ungnytt\/#website\",\"url\":\"https:\/\/www.morbylanga.se\/ungnytt\/\",\"name\":\"UngNytt\",\"description\":\"Nyheter f\u00f6r och av unga i M\u00f6rbyl\u00e5nga kommun\",\"potentialAction\":[{\"@type\":\"SearchAction\",\"target\":{\"@type\":\"EntryPoint\",\"urlTemplate\":\"https:\/\/www.morbylanga.se\/ungnytt\/?s={search_term_string}\"},\"query-input\":{\"@type\":\"PropertyValueSpecification\",\"valueRequired\":true,\"valueName\":\"search_term_string\"}}],\"inLanguage\":\"sv-SE\"}]}<\/script>\n<!-- \/ Yoast SEO plugin. -->","yoast_head_json":{"title":"Var med och p\u00e5verka - UngNytt","description":"Har du id\u00e9er, f\u00f6rslag och tankar du vill dela med dig av till beslutsfattare? L\u00e4s om Ungdomsforum \u2013 en m\u00f6tesplats f\u00f6r dig med samh\u00e4llsintresse.","robots":{"index":"index","follow":"follow","max-snippet":"max-snippet:-1","max-image-preview":"max-image-preview:large","max-video-preview":"max-video-preview:-1"},"canonical":"https:\/\/www.morbylanga.se\/ungnytt\/var-med-och-paverka\/","og_locale":"sv_SE","og_type":"article","og_title":"Var med och p\u00e5verka - UngNytt","og_description":"Har du id\u00e9er, f\u00f6rslag och tankar du vill dela med dig av till beslutsfattare? L\u00e4s om Ungdomsforum \u2013 en m\u00f6tesplats f\u00f6r dig med samh\u00e4llsintresse.","og_url":"https:\/\/www.morbylanga.se\/ungnytt\/var-med-och-paverka\/","og_site_name":"UngNytt","article_modified_time":"2025-09-25T06:36:50+00:00","og_image":[{"url":"https:\/\/www.morbylanga.se\/ungnytt\/wp-content\/uploads\/2024\/04\/40936302-concentrated-young-girl-student-using-mobile-phone.jpg","width":1024,"height":683,"type":"image\/jpeg"}],"twitter_card":"summary_large_image","twitter_misc":{"Ber\u00e4knad l\u00e4stid":"1 minut"},"schema":{"@context":"https:\/\/schema.org","@graph":[{"@type":"WebPage","@id":"https:\/\/www.morbylanga.se\/ungnytt\/var-med-och-paverka\/","url":"https:\/\/www.morbylanga.se\/ungnytt\/var-med-och-paverka\/","name":"Var med och p\u00e5verka - UngNytt","isPartOf":{"@id":"https:\/\/www.morbylanga.se\/ungnytt\/#website"},"primaryImageOfPage":{"@id":"https:\/\/www.morbylanga.se\/ungnytt\/var-med-och-paverka\/#primaryimage"},"image":{"@id":"https:\/\/www.morbylanga.se\/ungnytt\/var-med-och-paverka\/#primaryimage"},"thumbnailUrl":"https:\/\/www.morbylanga.se\/ungnytt\/wp-content\/uploads\/2024\/04\/40936302-concentrated-young-girl-student-using-mobile-phone.jpg","datePublished":"2024-02-12T09:31:07+00:00","dateModified":"2025-09-25T06:36:50+00:00","description":"Har du id\u00e9er, f\u00f6rslag och tankar du vill dela med dig av till beslutsfattare? L\u00e4s om Ungdomsforum \u2013 en m\u00f6tesplats f\u00f6r dig med samh\u00e4llsintresse.","breadcrumb":{"@id":"https:\/\/www.morbylanga.se\/ungnytt\/var-med-och-paverka\/#breadcrumb"},"inLanguage":"sv-SE","potentialAction":[{"@type":"ReadAction","target":["https:\/\/www.morbylanga.se\/ungnytt\/var-med-och-paverka\/"]}]},{"@type":"ImageObject","inLanguage":"sv-SE","@id":"https:\/\/www.morbylanga.se\/ungnytt\/var-med-och-paverka\/#primaryimage","url":"https:\/\/www.morbylanga.se\/ungnytt\/wp-content\/uploads\/2024\/04\/40936302-concentrated-young-girl-student-using-mobile-phone.jpg","contentUrl":"https:\/\/www.morbylanga.se\/ungnytt\/wp-content\/uploads\/2024\/04\/40936302-concentrated-young-girl-student-using-mobile-phone.jpg","width":7952,"height":5304,"caption":"Image of a beautiful pleased concentrated young girl student indoors using mobile phone."},{"@type":"BreadcrumbList","@id":"https:\/\/www.morbylanga.se\/ungnytt\/var-med-och-paverka\/#breadcrumb","itemListElement":[{"@type":"ListItem","position":1,"name":"Hem","item":"https:\/\/www.morbylanga.se\/ungnytt\/"},{"@type":"ListItem","position":2,"name":"Var med och p\u00e5verka"}]},{"@type":"WebSite","@id":"https:\/\/www.morbylanga.se\/ungnytt\/#website","url":"https:\/\/www.morbylanga.se\/ungnytt\/","name":"UngNytt","description":"Nyheter f\u00f6r och av unga i M\u00f6rbyl\u00e5nga kommun","potentialAction":[{"@type":"SearchAction","target":{"@type":"EntryPoint","urlTemplate":"https:\/\/www.morbylanga.se\/ungnytt\/?s={search_term_string}"},"query-input":{"@type":"PropertyValueSpecification","valueRequired":true,"valueName":"search_term_string"}}],"inLanguage":"sv-SE"}]}},"_links":{"self":[{"href":"https:\/\/www.morbylanga.se\/ungnytt\/wp-json\/wp\/v2\/pages\/90","targetHints":{"allow":["GET"]}}],"collection":[{"href":"https:\/\/www.morbylanga.se\/ungnytt\/wp-json\/wp\/v2\/pages"}],"about":[{"href":"https:\/\/www.morbylanga.se\/ungnytt\/wp-json\/wp\/v2\/types\/page"}],"author":[{"embeddable":true,"href":"https:\/\/www.morbylanga.se\/ungnytt\/wp-json\/wp\/v2\/users\/3"}],"replies":[{"embeddable":true,"href":"https:\/\/www.morbylanga.se\/ungnytt\/wp-json\/wp\/v2\/comments?post=90"}],"version-history":[{"count":22,"href":"https:\/\/www.morbylanga.se\/ungnytt\/wp-json\/wp\/v2\/pages\/90\/revisions"}],"predecessor-version":[{"id":1424,"href":"https:\/\/www.morbylanga.se\/ungnytt\/wp-json\/wp\/v2\/pages\/90\/revisions\/1424"}],"wp:featuredmedia":[{"embeddable":true,"href":"https:\/\/www.morbylanga.se\/ungnytt\/wp-json\/wp\/v2\/media\/501"}],"wp:attachment":[{"href":"https:\/\/www.morbylanga.se\/ungnytt\/wp-json\/wp\/v2\/media?parent=90"}],"curies":[{"name":"wp","href":"https:\/\/api.w.org\/{rel}","templated":true}]}}