{"id":490,"date":"2024-04-15T09:23:50","date_gmt":"2024-04-15T07:23:50","guid":{"rendered":"https:\/\/morbylanga-ungnytt.vivamedia.dev\/?page_id=490"},"modified":"2024-04-15T09:25:27","modified_gmt":"2024-04-15T07:25:27","slug":"tillganglighet-for-morbylanga-se-ungnytt","status":"publish","type":"page","link":"https:\/\/www.morbylanga.se\/ungnytt\/om-ungnytt\/tillganglighet-for-morbylanga-se-ungnytt\/","title":{"rendered":"Tillg\u00e4nglighet f\u00f6r morbylanga.se\/ungnytt"},"content":{"rendered":"","protected":false},"excerpt":{"rendered":"","protected":false},"author":2,"featured_media":170,"parent":241,"menu_order":4,"comment_status":"closed","ping_status":"closed","template":"page_sections.php","meta":{"_acf_changed":false,"footnotes":""},"class_list":["post-490","page","type-page","status-publish","has-post-thumbnail","hentry","page_information_owner-internt-stod"],"acf":{"preamble":"M\u00f6rbyl\u00e5nga kommun st\u00e5r bakom den h\u00e4r webbplatsen. Vi vill att s\u00e5 m\u00e5nga som m\u00f6jligt ska kunna anv\u00e4nda den."},"yoast_head":"<!-- This site is optimized with the Yoast SEO plugin v27.2 - https:\/\/yoast.com\/product\/yoast-seo-wordpress\/ -->\n<title>Tillg\u00e4nglighet f\u00f6r morbylanga.se\/ungnytt - UngNytt<\/title>\n<meta name=\"description\" content=\"M\u00f6rbyl\u00e5nga kommun st\u00e5r bakom den h\u00e4r webbplatsen. Vi vill att s\u00e5 m\u00e5nga som m\u00f6jligt ska kunna anv\u00e4nda den.\" \/>\n<meta name=\"robots\" content=\"index, follow, max-snippet:-1, max-image-preview:large, max-video-preview:-1\" \/>\n<link rel=\"canonical\" href=\"https:\/\/www.morbylanga.se\/ungnytt\/om-ungnytt\/tillganglighet-for-morbylanga-se-ungnytt\/\" \/>\n<meta property=\"og:locale\" content=\"sv_SE\" \/>\n<meta property=\"og:type\" content=\"article\" \/>\n<meta property=\"og:title\" content=\"Tillg\u00e4nglighet f\u00f6r morbylanga.se\/ungnytt - UngNytt\" \/>\n<meta property=\"og:description\" content=\"M\u00f6rbyl\u00e5nga kommun st\u00e5r bakom den h\u00e4r webbplatsen. Vi vill att s\u00e5 m\u00e5nga som m\u00f6jligt ska kunna anv\u00e4nda den.\" \/>\n<meta property=\"og:url\" content=\"https:\/\/www.morbylanga.se\/ungnytt\/om-ungnytt\/tillganglighet-for-morbylanga-se-ungnytt\/\" \/>\n<meta property=\"og:site_name\" content=\"UngNytt\" \/>\n<meta property=\"article:modified_time\" content=\"2024-04-15T07:25:27+00:00\" \/>\n<meta property=\"og:image\" content=\"https:\/\/www.morbylanga.se\/ungnytt\/wp-content\/uploads\/2024\/02\/37510498-happy-friends-elebration-beach-party-summer-scaled-e1708950796233.jpg\" \/>\n\t<meta property=\"og:image:width\" content=\"2560\" \/>\n\t<meta property=\"og:image:height\" content=\"1557\" \/>\n\t<meta property=\"og:image:type\" content=\"image\/jpeg\" \/>\n<meta name=\"twitter:card\" content=\"summary_large_image\" \/>\n<meta name=\"twitter:label1\" content=\"Ber\u00e4knad l\u00e4stid\" \/>\n\t<meta name=\"twitter:data1\" content=\"1 minut\" \/>\n<script type=\"application\/ld+json\" class=\"yoast-schema-graph\">{\"@context\":\"https:\/\/schema.org\",\"@graph\":[{\"@type\":\"WebPage\",\"@id\":\"https:\/\/www.morbylanga.se\/ungnytt\/om-ungnytt\/tillganglighet-for-morbylanga-se-ungnytt\/\",\"url\":\"https:\/\/www.morbylanga.se\/ungnytt\/om-ungnytt\/tillganglighet-for-morbylanga-se-ungnytt\/\",\"name\":\"Tillg\u00e4nglighet f\u00f6r morbylanga.se\/ungnytt - UngNytt\",\"isPartOf\":{\"@id\":\"https:\/\/www.morbylanga.se\/ungnytt\/#website\"},\"primaryImageOfPage\":{\"@id\":\"https:\/\/www.morbylanga.se\/ungnytt\/om-ungnytt\/tillganglighet-for-morbylanga-se-ungnytt\/#primaryimage\"},\"image\":{\"@id\":\"https:\/\/www.morbylanga.se\/ungnytt\/om-ungnytt\/tillganglighet-for-morbylanga-se-ungnytt\/#primaryimage\"},\"thumbnailUrl\":\"https:\/\/www.morbylanga.se\/ungnytt\/wp-content\/uploads\/2024\/02\/37510498-happy-friends-elebration-beach-party-summer-scaled-e1708950796233.jpg\",\"datePublished\":\"2024-04-15T07:23:50+00:00\",\"dateModified\":\"2024-04-15T07:25:27+00:00\",\"description\":\"M\u00f6rbyl\u00e5nga kommun st\u00e5r bakom den h\u00e4r webbplatsen. Vi vill att s\u00e5 m\u00e5nga som m\u00f6jligt ska kunna anv\u00e4nda den.\",\"breadcrumb\":{\"@id\":\"https:\/\/www.morbylanga.se\/ungnytt\/om-ungnytt\/tillganglighet-for-morbylanga-se-ungnytt\/#breadcrumb\"},\"inLanguage\":\"sv-SE\",\"potentialAction\":[{\"@type\":\"ReadAction\",\"target\":[\"https:\/\/www.morbylanga.se\/ungnytt\/om-ungnytt\/tillganglighet-for-morbylanga-se-ungnytt\/\"]}]},{\"@type\":\"ImageObject\",\"inLanguage\":\"sv-SE\",\"@id\":\"https:\/\/www.morbylanga.se\/ungnytt\/om-ungnytt\/tillganglighet-for-morbylanga-se-ungnytt\/#primaryimage\",\"url\":\"https:\/\/www.morbylanga.se\/ungnytt\/wp-content\/uploads\/2024\/02\/37510498-happy-friends-elebration-beach-party-summer-scaled-e1708950796233.jpg\",\"contentUrl\":\"https:\/\/www.morbylanga.se\/ungnytt\/wp-content\/uploads\/2024\/02\/37510498-happy-friends-elebration-beach-party-summer-scaled-e1708950796233.jpg\",\"width\":2560,\"height\":1557,\"caption\":\"Glada ungdomar str\u00e4cker upp h\u00e4nderna i luften.\"},{\"@type\":\"BreadcrumbList\",\"@id\":\"https:\/\/www.morbylanga.se\/ungnytt\/om-ungnytt\/tillganglighet-for-morbylanga-se-ungnytt\/#breadcrumb\",\"itemListElement\":[{\"@type\":\"ListItem\",\"position\":1,\"name\":\"Hem\",\"item\":\"https:\/\/www.morbylanga.se\/ungnytt\/\"},{\"@type\":\"ListItem\",\"position\":2,\"name\":\"Om UngNytt\",\"item\":\"https:\/\/www.morbylanga.se\/ungnytt\/om-ungnytt\/\"},{\"@type\":\"ListItem\",\"position\":3,\"name\":\"Tillg\u00e4nglighet f\u00f6r morbylanga.se\/ungnytt\"}]},{\"@type\":\"WebSite\",\"@id\":\"https:\/\/www.morbylanga.se\/ungnytt\/#website\",\"url\":\"https:\/\/www.morbylanga.se\/ungnytt\/\",\"name\":\"UngNytt\",\"description\":\"Nyheter f\u00f6r och av unga i M\u00f6rbyl\u00e5nga kommun\",\"potentialAction\":[{\"@type\":\"SearchAction\",\"target\":{\"@type\":\"EntryPoint\",\"urlTemplate\":\"https:\/\/www.morbylanga.se\/ungnytt\/?s={search_term_string}\"},\"query-input\":{\"@type\":\"PropertyValueSpecification\",\"valueRequired\":true,\"valueName\":\"search_term_string\"}}],\"inLanguage\":\"sv-SE\"}]}<\/script>\n<!-- \/ Yoast SEO plugin. -->","yoast_head_json":{"title":"Tillg\u00e4nglighet f\u00f6r morbylanga.se\/ungnytt - UngNytt","description":"M\u00f6rbyl\u00e5nga kommun st\u00e5r bakom den h\u00e4r webbplatsen. Vi vill att s\u00e5 m\u00e5nga som m\u00f6jligt ska kunna anv\u00e4nda den.","robots":{"index":"index","follow":"follow","max-snippet":"max-snippet:-1","max-image-preview":"max-image-preview:large","max-video-preview":"max-video-preview:-1"},"canonical":"https:\/\/www.morbylanga.se\/ungnytt\/om-ungnytt\/tillganglighet-for-morbylanga-se-ungnytt\/","og_locale":"sv_SE","og_type":"article","og_title":"Tillg\u00e4nglighet f\u00f6r morbylanga.se\/ungnytt - UngNytt","og_description":"M\u00f6rbyl\u00e5nga kommun st\u00e5r bakom den h\u00e4r webbplatsen. Vi vill att s\u00e5 m\u00e5nga som m\u00f6jligt ska kunna anv\u00e4nda den.","og_url":"https:\/\/www.morbylanga.se\/ungnytt\/om-ungnytt\/tillganglighet-for-morbylanga-se-ungnytt\/","og_site_name":"UngNytt","article_modified_time":"2024-04-15T07:25:27+00:00","og_image":[{"width":2560,"height":1557,"url":"https:\/\/www.morbylanga.se\/ungnytt\/wp-content\/uploads\/2024\/02\/37510498-happy-friends-elebration-beach-party-summer-scaled-e1708950796233.jpg","type":"image\/jpeg"}],"twitter_card":"summary_large_image","twitter_misc":{"Ber\u00e4knad l\u00e4stid":"1 minut"},"schema":{"@context":"https:\/\/schema.org","@graph":[{"@type":"WebPage","@id":"https:\/\/www.morbylanga.se\/ungnytt\/om-ungnytt\/tillganglighet-for-morbylanga-se-ungnytt\/","url":"https:\/\/www.morbylanga.se\/ungnytt\/om-ungnytt\/tillganglighet-for-morbylanga-se-ungnytt\/","name":"Tillg\u00e4nglighet f\u00f6r morbylanga.se\/ungnytt - UngNytt","isPartOf":{"@id":"https:\/\/www.morbylanga.se\/ungnytt\/#website"},"primaryImageOfPage":{"@id":"https:\/\/www.morbylanga.se\/ungnytt\/om-ungnytt\/tillganglighet-for-morbylanga-se-ungnytt\/#primaryimage"},"image":{"@id":"https:\/\/www.morbylanga.se\/ungnytt\/om-ungnytt\/tillganglighet-for-morbylanga-se-ungnytt\/#primaryimage"},"thumbnailUrl":"https:\/\/www.morbylanga.se\/ungnytt\/wp-content\/uploads\/2024\/02\/37510498-happy-friends-elebration-beach-party-summer-scaled-e1708950796233.jpg","datePublished":"2024-04-15T07:23:50+00:00","dateModified":"2024-04-15T07:25:27+00:00","description":"M\u00f6rbyl\u00e5nga kommun st\u00e5r bakom den h\u00e4r webbplatsen. Vi vill att s\u00e5 m\u00e5nga som m\u00f6jligt ska kunna anv\u00e4nda den.","breadcrumb":{"@id":"https:\/\/www.morbylanga.se\/ungnytt\/om-ungnytt\/tillganglighet-for-morbylanga-se-ungnytt\/#breadcrumb"},"inLanguage":"sv-SE","potentialAction":[{"@type":"ReadAction","target":["https:\/\/www.morbylanga.se\/ungnytt\/om-ungnytt\/tillganglighet-for-morbylanga-se-ungnytt\/"]}]},{"@type":"ImageObject","inLanguage":"sv-SE","@id":"https:\/\/www.morbylanga.se\/ungnytt\/om-ungnytt\/tillganglighet-for-morbylanga-se-ungnytt\/#primaryimage","url":"https:\/\/www.morbylanga.se\/ungnytt\/wp-content\/uploads\/2024\/02\/37510498-happy-friends-elebration-beach-party-summer-scaled-e1708950796233.jpg","contentUrl":"https:\/\/www.morbylanga.se\/ungnytt\/wp-content\/uploads\/2024\/02\/37510498-happy-friends-elebration-beach-party-summer-scaled-e1708950796233.jpg","width":2560,"height":1557,"caption":"Glada ungdomar str\u00e4cker upp h\u00e4nderna i luften."},{"@type":"BreadcrumbList","@id":"https:\/\/www.morbylanga.se\/ungnytt\/om-ungnytt\/tillganglighet-for-morbylanga-se-ungnytt\/#breadcrumb","itemListElement":[{"@type":"ListItem","position":1,"name":"Hem","item":"https:\/\/www.morbylanga.se\/ungnytt\/"},{"@type":"ListItem","position":2,"name":"Om UngNytt","item":"https:\/\/www.morbylanga.se\/ungnytt\/om-ungnytt\/"},{"@type":"ListItem","position":3,"name":"Tillg\u00e4nglighet f\u00f6r morbylanga.se\/ungnytt"}]},{"@type":"WebSite","@id":"https:\/\/www.morbylanga.se\/ungnytt\/#website","url":"https:\/\/www.morbylanga.se\/ungnytt\/","name":"UngNytt","description":"Nyheter f\u00f6r och av unga i M\u00f6rbyl\u00e5nga kommun","potentialAction":[{"@type":"SearchAction","target":{"@type":"EntryPoint","urlTemplate":"https:\/\/www.morbylanga.se\/ungnytt\/?s={search_term_string}"},"query-input":{"@type":"PropertyValueSpecification","valueRequired":true,"valueName":"search_term_string"}}],"inLanguage":"sv-SE"}]}},"_links":{"self":[{"href":"https:\/\/www.morbylanga.se\/ungnytt\/wp-json\/wp\/v2\/pages\/490","targetHints":{"allow":["GET"]}}],"collection":[{"href":"https:\/\/www.morbylanga.se\/ungnytt\/wp-json\/wp\/v2\/pages"}],"about":[{"href":"https:\/\/www.morbylanga.se\/ungnytt\/wp-json\/wp\/v2\/types\/page"}],"author":[{"embeddable":true,"href":"https:\/\/www.morbylanga.se\/ungnytt\/wp-json\/wp\/v2\/users\/2"}],"replies":[{"embeddable":true,"href":"https:\/\/www.morbylanga.se\/ungnytt\/wp-json\/wp\/v2\/comments?post=490"}],"version-history":[{"count":5,"href":"https:\/\/www.morbylanga.se\/ungnytt\/wp-json\/wp\/v2\/pages\/490\/revisions"}],"predecessor-version":[{"id":516,"href":"https:\/\/www.morbylanga.se\/ungnytt\/wp-json\/wp\/v2\/pages\/490\/revisions\/516"}],"up":[{"embeddable":true,"href":"https:\/\/www.morbylanga.se\/ungnytt\/wp-json\/wp\/v2\/pages\/241"}],"wp:featuredmedia":[{"embeddable":true,"href":"https:\/\/www.morbylanga.se\/ungnytt\/wp-json\/wp\/v2\/media\/170"}],"wp:attachment":[{"href":"https:\/\/www.morbylanga.se\/ungnytt\/wp-json\/wp\/v2\/media?parent=490"}],"curies":[{"name":"wp","href":"https:\/\/api.w.org\/{rel}","templated":true}]}}