{"id":47,"date":"2024-02-02T14:24:52","date_gmt":"2024-02-02T13:24:52","guid":{"rendered":"http:\/\/morbylanga-ungnytt.test\/?page_id=47"},"modified":"2025-08-12T10:34:53","modified_gmt":"2025-08-12T08:34:53","slug":"kontakt","status":"publish","type":"page","link":"https:\/\/www.morbylanga.se\/ungnytt\/om-ungnytt\/kontakt\/","title":{"rendered":"Kontakt"},"content":{"rendered":"","protected":false},"excerpt":{"rendered":"","protected":false},"author":1,"featured_media":0,"parent":241,"menu_order":2,"comment_status":"closed","ping_status":"closed","template":"page_sections.php","meta":{"_acf_changed":false,"footnotes":""},"class_list":["post-47","page","type-page","status-publish","hentry"],"acf":{"preamble":""},"yoast_head":"<!-- This site is optimized with the Yoast SEO plugin v27.2 - https:\/\/yoast.com\/product\/yoast-seo-wordpress\/ -->\n<title>Kontakt - UngNytt<\/title>\n<meta name=\"description\" content=\"Har du fr\u00e5gor om UngNytt? Vill du skicka in en text eller veta mer om v\u00e5rt inneh\u00e5ll? H\u00f6r g\u00e4rna av dig \u2013 vi ser fram emot att h\u00f6ra fr\u00e5n dig!\" \/>\n<meta name=\"robots\" content=\"index, follow, max-snippet:-1, max-image-preview:large, max-video-preview:-1\" \/>\n<link rel=\"canonical\" href=\"https:\/\/www.morbylanga.se\/ungnytt\/om-ungnytt\/kontakt\/\" \/>\n<meta property=\"og:locale\" content=\"sv_SE\" \/>\n<meta property=\"og:type\" content=\"article\" \/>\n<meta property=\"og:title\" content=\"Kontakt - UngNytt\" \/>\n<meta property=\"og:description\" content=\"Har du fr\u00e5gor om UngNytt? Vill du skicka in en text eller veta mer om v\u00e5rt inneh\u00e5ll? H\u00f6r g\u00e4rna av dig \u2013 vi ser fram emot att h\u00f6ra fr\u00e5n dig!\" \/>\n<meta property=\"og:url\" content=\"https:\/\/www.morbylanga.se\/ungnytt\/om-ungnytt\/kontakt\/\" \/>\n<meta property=\"og:site_name\" content=\"UngNytt\" \/>\n<meta property=\"article:modified_time\" content=\"2025-08-12T08:34:53+00:00\" \/>\n<meta name=\"twitter:card\" content=\"summary_large_image\" \/>\n<script type=\"application\/ld+json\" class=\"yoast-schema-graph\">{\"@context\":\"https:\/\/schema.org\",\"@graph\":[{\"@type\":\"WebPage\",\"@id\":\"https:\/\/www.morbylanga.se\/ungnytt\/om-ungnytt\/kontakt\/\",\"url\":\"https:\/\/www.morbylanga.se\/ungnytt\/om-ungnytt\/kontakt\/\",\"name\":\"Kontakt - UngNytt\",\"isPartOf\":{\"@id\":\"https:\/\/www.morbylanga.se\/ungnytt\/#website\"},\"datePublished\":\"2024-02-02T13:24:52+00:00\",\"dateModified\":\"2025-08-12T08:34:53+00:00\",\"description\":\"Har du fr\u00e5gor om UngNytt? Vill du skicka in en text eller veta mer om v\u00e5rt inneh\u00e5ll? H\u00f6r g\u00e4rna av dig \u2013 vi ser fram emot att h\u00f6ra fr\u00e5n dig!\",\"breadcrumb\":{\"@id\":\"https:\/\/www.morbylanga.se\/ungnytt\/om-ungnytt\/kontakt\/#breadcrumb\"},\"inLanguage\":\"sv-SE\",\"potentialAction\":[{\"@type\":\"ReadAction\",\"target\":[\"https:\/\/www.morbylanga.se\/ungnytt\/om-ungnytt\/kontakt\/\"]}]},{\"@type\":\"BreadcrumbList\",\"@id\":\"https:\/\/www.morbylanga.se\/ungnytt\/om-ungnytt\/kontakt\/#breadcrumb\",\"itemListElement\":[{\"@type\":\"ListItem\",\"position\":1,\"name\":\"Hem\",\"item\":\"https:\/\/www.morbylanga.se\/ungnytt\/\"},{\"@type\":\"ListItem\",\"position\":2,\"name\":\"Om UngNytt\",\"item\":\"https:\/\/www.morbylanga.se\/ungnytt\/om-ungnytt\/\"},{\"@type\":\"ListItem\",\"position\":3,\"name\":\"Kontakt\"}]},{\"@type\":\"WebSite\",\"@id\":\"https:\/\/www.morbylanga.se\/ungnytt\/#website\",\"url\":\"https:\/\/www.morbylanga.se\/ungnytt\/\",\"name\":\"UngNytt\",\"description\":\"Nyheter f\u00f6r och av unga i M\u00f6rbyl\u00e5nga kommun\",\"potentialAction\":[{\"@type\":\"SearchAction\",\"target\":{\"@type\":\"EntryPoint\",\"urlTemplate\":\"https:\/\/www.morbylanga.se\/ungnytt\/?s={search_term_string}\"},\"query-input\":{\"@type\":\"PropertyValueSpecification\",\"valueRequired\":true,\"valueName\":\"search_term_string\"}}],\"inLanguage\":\"sv-SE\"}]}<\/script>\n<!-- \/ Yoast SEO plugin. -->","yoast_head_json":{"title":"Kontakt - UngNytt","description":"Har du fr\u00e5gor om UngNytt? Vill du skicka in en text eller veta mer om v\u00e5rt inneh\u00e5ll? H\u00f6r g\u00e4rna av dig \u2013 vi ser fram emot att h\u00f6ra fr\u00e5n dig!","robots":{"index":"index","follow":"follow","max-snippet":"max-snippet:-1","max-image-preview":"max-image-preview:large","max-video-preview":"max-video-preview:-1"},"canonical":"https:\/\/www.morbylanga.se\/ungnytt\/om-ungnytt\/kontakt\/","og_locale":"sv_SE","og_type":"article","og_title":"Kontakt - UngNytt","og_description":"Har du fr\u00e5gor om UngNytt? Vill du skicka in en text eller veta mer om v\u00e5rt inneh\u00e5ll? H\u00f6r g\u00e4rna av dig \u2013 vi ser fram emot att h\u00f6ra fr\u00e5n dig!","og_url":"https:\/\/www.morbylanga.se\/ungnytt\/om-ungnytt\/kontakt\/","og_site_name":"UngNytt","article_modified_time":"2025-08-12T08:34:53+00:00","twitter_card":"summary_large_image","schema":{"@context":"https:\/\/schema.org","@graph":[{"@type":"WebPage","@id":"https:\/\/www.morbylanga.se\/ungnytt\/om-ungnytt\/kontakt\/","url":"https:\/\/www.morbylanga.se\/ungnytt\/om-ungnytt\/kontakt\/","name":"Kontakt - UngNytt","isPartOf":{"@id":"https:\/\/www.morbylanga.se\/ungnytt\/#website"},"datePublished":"2024-02-02T13:24:52+00:00","dateModified":"2025-08-12T08:34:53+00:00","description":"Har du fr\u00e5gor om UngNytt? Vill du skicka in en text eller veta mer om v\u00e5rt inneh\u00e5ll? H\u00f6r g\u00e4rna av dig \u2013 vi ser fram emot att h\u00f6ra fr\u00e5n dig!","breadcrumb":{"@id":"https:\/\/www.morbylanga.se\/ungnytt\/om-ungnytt\/kontakt\/#breadcrumb"},"inLanguage":"sv-SE","potentialAction":[{"@type":"ReadAction","target":["https:\/\/www.morbylanga.se\/ungnytt\/om-ungnytt\/kontakt\/"]}]},{"@type":"BreadcrumbList","@id":"https:\/\/www.morbylanga.se\/ungnytt\/om-ungnytt\/kontakt\/#breadcrumb","itemListElement":[{"@type":"ListItem","position":1,"name":"Hem","item":"https:\/\/www.morbylanga.se\/ungnytt\/"},{"@type":"ListItem","position":2,"name":"Om UngNytt","item":"https:\/\/www.morbylanga.se\/ungnytt\/om-ungnytt\/"},{"@type":"ListItem","position":3,"name":"Kontakt"}]},{"@type":"WebSite","@id":"https:\/\/www.morbylanga.se\/ungnytt\/#website","url":"https:\/\/www.morbylanga.se\/ungnytt\/","name":"UngNytt","description":"Nyheter f\u00f6r och av unga i M\u00f6rbyl\u00e5nga kommun","potentialAction":[{"@type":"SearchAction","target":{"@type":"EntryPoint","urlTemplate":"https:\/\/www.morbylanga.se\/ungnytt\/?s={search_term_string}"},"query-input":{"@type":"PropertyValueSpecification","valueRequired":true,"valueName":"search_term_string"}}],"inLanguage":"sv-SE"}]}},"_links":{"self":[{"href":"https:\/\/www.morbylanga.se\/ungnytt\/wp-json\/wp\/v2\/pages\/47","targetHints":{"allow":["GET"]}}],"collection":[{"href":"https:\/\/www.morbylanga.se\/ungnytt\/wp-json\/wp\/v2\/pages"}],"about":[{"href":"https:\/\/www.morbylanga.se\/ungnytt\/wp-json\/wp\/v2\/types\/page"}],"author":[{"embeddable":true,"href":"https:\/\/www.morbylanga.se\/ungnytt\/wp-json\/wp\/v2\/users\/1"}],"replies":[{"embeddable":true,"href":"https:\/\/www.morbylanga.se\/ungnytt\/wp-json\/wp\/v2\/comments?post=47"}],"version-history":[{"count":1,"href":"https:\/\/www.morbylanga.se\/ungnytt\/wp-json\/wp\/v2\/pages\/47\/revisions"}],"predecessor-version":[{"id":48,"href":"https:\/\/www.morbylanga.se\/ungnytt\/wp-json\/wp\/v2\/pages\/47\/revisions\/48"}],"up":[{"embeddable":true,"href":"https:\/\/www.morbylanga.se\/ungnytt\/wp-json\/wp\/v2\/pages\/241"}],"wp:attachment":[{"href":"https:\/\/www.morbylanga.se\/ungnytt\/wp-json\/wp\/v2\/media?parent=47"}],"curies":[{"name":"wp","href":"https:\/\/api.w.org\/{rel}","templated":true}]}}