{"id":309,"date":"2024-03-04T11:33:34","date_gmt":"2024-03-04T10:33:34","guid":{"rendered":"https:\/\/morbylanga-ungnytt.vivamedia.dev\/?page_id=309"},"modified":"2025-08-12T10:47:50","modified_gmt":"2025-08-12T08:47:50","slug":"skicka-in-ett-bidrag","status":"publish","type":"page","link":"https:\/\/www.morbylanga.se\/ungnytt\/skicka-in-ett-bidrag\/","title":{"rendered":"Skicka in ett bidrag"},"content":{"rendered":"","protected":false},"excerpt":{"rendered":"","protected":false},"author":2,"featured_media":508,"parent":0,"menu_order":9,"comment_status":"closed","ping_status":"closed","template":"page_sections.php","meta":{"_acf_changed":false,"footnotes":""},"class_list":["post-309","page","type-page","status-publish","has-post-thumbnail","hentry","page_information_owner-internt-stod"],"acf":{"preamble":"Har du n\u00e5got intressant att dela med dig? Skicka in en text eller nyhet till oss. Eller vill du skriva men har sv\u00e5rt att komma ig\u00e5ng? H\u00f6r av dig!"},"yoast_head":"<!-- This site is optimized with the Yoast SEO plugin v27.2 - https:\/\/yoast.com\/product\/yoast-seo-wordpress\/ -->\n<title>Skicka in ett bidrag - UngNytt<\/title>\n<meta name=\"description\" content=\"De h\u00e4r olika journalistiska formaten ger dig m\u00f6jlighet att uttrycka dig p\u00e5 olika s\u00e4tt och bidra med din unika synvinkel.\" \/>\n<meta name=\"robots\" content=\"index, follow, max-snippet:-1, max-image-preview:large, max-video-preview:-1\" \/>\n<link rel=\"canonical\" href=\"https:\/\/www.morbylanga.se\/ungnytt\/skicka-in-ett-bidrag\/\" \/>\n<meta property=\"og:locale\" content=\"sv_SE\" \/>\n<meta property=\"og:type\" content=\"article\" \/>\n<meta property=\"og:title\" content=\"Skicka in ett bidrag - UngNytt\" \/>\n<meta property=\"og:description\" content=\"De h\u00e4r olika journalistiska formaten ger dig m\u00f6jlighet att uttrycka dig p\u00e5 olika s\u00e4tt och bidra med din unika synvinkel.\" \/>\n<meta property=\"og:url\" content=\"https:\/\/www.morbylanga.se\/ungnytt\/skicka-in-ett-bidrag\/\" \/>\n<meta property=\"og:site_name\" content=\"UngNytt\" \/>\n<meta property=\"article:modified_time\" content=\"2025-08-12T08:47:50+00:00\" \/>\n<meta property=\"og:image\" content=\"https:\/\/www.morbylanga.se\/ungnytt\/wp-content\/uploads\/2024\/04\/59213801-multiethnic-teenage-boys-using-laptop-while-sitting-in.jpg\" \/>\n\t<meta property=\"og:image:width\" content=\"1024\" \/>\n\t<meta property=\"og:image:height\" content=\"683\" \/>\n\t<meta property=\"og:image:type\" content=\"image\/jpeg\" \/>\n<meta name=\"twitter:card\" content=\"summary_large_image\" \/>\n<meta name=\"twitter:label1\" content=\"Ber\u00e4knad l\u00e4stid\" \/>\n\t<meta name=\"twitter:data1\" content=\"1 minut\" \/>\n<script type=\"application\/ld+json\" class=\"yoast-schema-graph\">{\"@context\":\"https:\/\/schema.org\",\"@graph\":[{\"@type\":\"WebPage\",\"@id\":\"https:\/\/www.morbylanga.se\/ungnytt\/skicka-in-ett-bidrag\/\",\"url\":\"https:\/\/www.morbylanga.se\/ungnytt\/skicka-in-ett-bidrag\/\",\"name\":\"Skicka in ett bidrag - UngNytt\",\"isPartOf\":{\"@id\":\"https:\/\/www.morbylanga.se\/ungnytt\/#website\"},\"primaryImageOfPage\":{\"@id\":\"https:\/\/www.morbylanga.se\/ungnytt\/skicka-in-ett-bidrag\/#primaryimage\"},\"image\":{\"@id\":\"https:\/\/www.morbylanga.se\/ungnytt\/skicka-in-ett-bidrag\/#primaryimage\"},\"thumbnailUrl\":\"https:\/\/www.morbylanga.se\/ungnytt\/wp-content\/uploads\/2024\/04\/59213801-multiethnic-teenage-boys-using-laptop-while-sitting-in.jpg\",\"datePublished\":\"2024-03-04T10:33:34+00:00\",\"dateModified\":\"2025-08-12T08:47:50+00:00\",\"description\":\"De h\u00e4r olika journalistiska formaten ger dig m\u00f6jlighet att uttrycka dig p\u00e5 olika s\u00e4tt och bidra med din unika synvinkel.\",\"breadcrumb\":{\"@id\":\"https:\/\/www.morbylanga.se\/ungnytt\/skicka-in-ett-bidrag\/#breadcrumb\"},\"inLanguage\":\"sv-SE\",\"potentialAction\":[{\"@type\":\"ReadAction\",\"target\":[\"https:\/\/www.morbylanga.se\/ungnytt\/skicka-in-ett-bidrag\/\"]}]},{\"@type\":\"ImageObject\",\"inLanguage\":\"sv-SE\",\"@id\":\"https:\/\/www.morbylanga.se\/ungnytt\/skicka-in-ett-bidrag\/#primaryimage\",\"url\":\"https:\/\/www.morbylanga.se\/ungnytt\/wp-content\/uploads\/2024\/04\/59213801-multiethnic-teenage-boys-using-laptop-while-sitting-in.jpg\",\"contentUrl\":\"https:\/\/www.morbylanga.se\/ungnytt\/wp-content\/uploads\/2024\/04\/59213801-multiethnic-teenage-boys-using-laptop-while-sitting-in.jpg\",\"width\":7952,\"height\":5304,\"caption\":\"Tv\u00e5 killar skriver p\u00e5 en laptop.\"},{\"@type\":\"BreadcrumbList\",\"@id\":\"https:\/\/www.morbylanga.se\/ungnytt\/skicka-in-ett-bidrag\/#breadcrumb\",\"itemListElement\":[{\"@type\":\"ListItem\",\"position\":1,\"name\":\"Hem\",\"item\":\"https:\/\/www.morbylanga.se\/ungnytt\/\"},{\"@type\":\"ListItem\",\"position\":2,\"name\":\"Skicka in ett bidrag\"}]},{\"@type\":\"WebSite\",\"@id\":\"https:\/\/www.morbylanga.se\/ungnytt\/#website\",\"url\":\"https:\/\/www.morbylanga.se\/ungnytt\/\",\"name\":\"UngNytt\",\"description\":\"Nyheter f\u00f6r och av unga i M\u00f6rbyl\u00e5nga kommun\",\"potentialAction\":[{\"@type\":\"SearchAction\",\"target\":{\"@type\":\"EntryPoint\",\"urlTemplate\":\"https:\/\/www.morbylanga.se\/ungnytt\/?s={search_term_string}\"},\"query-input\":{\"@type\":\"PropertyValueSpecification\",\"valueRequired\":true,\"valueName\":\"search_term_string\"}}],\"inLanguage\":\"sv-SE\"}]}<\/script>\n<!-- \/ Yoast SEO plugin. -->","yoast_head_json":{"title":"Skicka in ett bidrag - UngNytt","description":"De h\u00e4r olika journalistiska formaten ger dig m\u00f6jlighet att uttrycka dig p\u00e5 olika s\u00e4tt och bidra med din unika synvinkel.","robots":{"index":"index","follow":"follow","max-snippet":"max-snippet:-1","max-image-preview":"max-image-preview:large","max-video-preview":"max-video-preview:-1"},"canonical":"https:\/\/www.morbylanga.se\/ungnytt\/skicka-in-ett-bidrag\/","og_locale":"sv_SE","og_type":"article","og_title":"Skicka in ett bidrag - UngNytt","og_description":"De h\u00e4r olika journalistiska formaten ger dig m\u00f6jlighet att uttrycka dig p\u00e5 olika s\u00e4tt och bidra med din unika synvinkel.","og_url":"https:\/\/www.morbylanga.se\/ungnytt\/skicka-in-ett-bidrag\/","og_site_name":"UngNytt","article_modified_time":"2025-08-12T08:47:50+00:00","og_image":[{"url":"https:\/\/www.morbylanga.se\/ungnytt\/wp-content\/uploads\/2024\/04\/59213801-multiethnic-teenage-boys-using-laptop-while-sitting-in.jpg","width":1024,"height":683,"type":"image\/jpeg"}],"twitter_card":"summary_large_image","twitter_misc":{"Ber\u00e4knad l\u00e4stid":"1 minut"},"schema":{"@context":"https:\/\/schema.org","@graph":[{"@type":"WebPage","@id":"https:\/\/www.morbylanga.se\/ungnytt\/skicka-in-ett-bidrag\/","url":"https:\/\/www.morbylanga.se\/ungnytt\/skicka-in-ett-bidrag\/","name":"Skicka in ett bidrag - UngNytt","isPartOf":{"@id":"https:\/\/www.morbylanga.se\/ungnytt\/#website"},"primaryImageOfPage":{"@id":"https:\/\/www.morbylanga.se\/ungnytt\/skicka-in-ett-bidrag\/#primaryimage"},"image":{"@id":"https:\/\/www.morbylanga.se\/ungnytt\/skicka-in-ett-bidrag\/#primaryimage"},"thumbnailUrl":"https:\/\/www.morbylanga.se\/ungnytt\/wp-content\/uploads\/2024\/04\/59213801-multiethnic-teenage-boys-using-laptop-while-sitting-in.jpg","datePublished":"2024-03-04T10:33:34+00:00","dateModified":"2025-08-12T08:47:50+00:00","description":"De h\u00e4r olika journalistiska formaten ger dig m\u00f6jlighet att uttrycka dig p\u00e5 olika s\u00e4tt och bidra med din unika synvinkel.","breadcrumb":{"@id":"https:\/\/www.morbylanga.se\/ungnytt\/skicka-in-ett-bidrag\/#breadcrumb"},"inLanguage":"sv-SE","potentialAction":[{"@type":"ReadAction","target":["https:\/\/www.morbylanga.se\/ungnytt\/skicka-in-ett-bidrag\/"]}]},{"@type":"ImageObject","inLanguage":"sv-SE","@id":"https:\/\/www.morbylanga.se\/ungnytt\/skicka-in-ett-bidrag\/#primaryimage","url":"https:\/\/www.morbylanga.se\/ungnytt\/wp-content\/uploads\/2024\/04\/59213801-multiethnic-teenage-boys-using-laptop-while-sitting-in.jpg","contentUrl":"https:\/\/www.morbylanga.se\/ungnytt\/wp-content\/uploads\/2024\/04\/59213801-multiethnic-teenage-boys-using-laptop-while-sitting-in.jpg","width":7952,"height":5304,"caption":"Tv\u00e5 killar skriver p\u00e5 en laptop."},{"@type":"BreadcrumbList","@id":"https:\/\/www.morbylanga.se\/ungnytt\/skicka-in-ett-bidrag\/#breadcrumb","itemListElement":[{"@type":"ListItem","position":1,"name":"Hem","item":"https:\/\/www.morbylanga.se\/ungnytt\/"},{"@type":"ListItem","position":2,"name":"Skicka in ett bidrag"}]},{"@type":"WebSite","@id":"https:\/\/www.morbylanga.se\/ungnytt\/#website","url":"https:\/\/www.morbylanga.se\/ungnytt\/","name":"UngNytt","description":"Nyheter f\u00f6r och av unga i M\u00f6rbyl\u00e5nga kommun","potentialAction":[{"@type":"SearchAction","target":{"@type":"EntryPoint","urlTemplate":"https:\/\/www.morbylanga.se\/ungnytt\/?s={search_term_string}"},"query-input":{"@type":"PropertyValueSpecification","valueRequired":true,"valueName":"search_term_string"}}],"inLanguage":"sv-SE"}]}},"_links":{"self":[{"href":"https:\/\/www.morbylanga.se\/ungnytt\/wp-json\/wp\/v2\/pages\/309","targetHints":{"allow":["GET"]}}],"collection":[{"href":"https:\/\/www.morbylanga.se\/ungnytt\/wp-json\/wp\/v2\/pages"}],"about":[{"href":"https:\/\/www.morbylanga.se\/ungnytt\/wp-json\/wp\/v2\/types\/page"}],"author":[{"embeddable":true,"href":"https:\/\/www.morbylanga.se\/ungnytt\/wp-json\/wp\/v2\/users\/2"}],"replies":[{"embeddable":true,"href":"https:\/\/www.morbylanga.se\/ungnytt\/wp-json\/wp\/v2\/comments?post=309"}],"version-history":[{"count":26,"href":"https:\/\/www.morbylanga.se\/ungnytt\/wp-json\/wp\/v2\/pages\/309\/revisions"}],"predecessor-version":[{"id":1287,"href":"https:\/\/www.morbylanga.se\/ungnytt\/wp-json\/wp\/v2\/pages\/309\/revisions\/1287"}],"wp:featuredmedia":[{"embeddable":true,"href":"https:\/\/www.morbylanga.se\/ungnytt\/wp-json\/wp\/v2\/media\/508"}],"wp:attachment":[{"href":"https:\/\/www.morbylanga.se\/ungnytt\/wp-json\/wp\/v2\/media?parent=309"}],"curies":[{"name":"wp","href":"https:\/\/api.w.org\/{rel}","templated":true}]}}